 when 13773931 is divided by 13651?
72
What is the remainder when 2060159 is divided by 384?
383
Calculate the remainder when 1120976 is divided by 423.
26
Calculate the remainder when 22568 is divided by 10686.
1196
Calculate the remainder when 2994693 is divided by 104.
13
Calculate the remainder when 4490366 is divided by 35922.
116
What is the remainder when 83998 is divided by 27801?
595
Calculate the remainder when 52629344 is divided by 3095843.
13
Calculate the remainder when 955800 is divided by 41553.
81
What is the remainder when 7174066 is divided by 374?
372
Calculate the remainder when 7287474 is divided by 7287457.
17
What is the remainder when 36343383 is divided by 77?
76
Calculate the remainder when 492268 is divided by 895.
18
Calculate the remainder when 175589 is divided by 43872.
101
What is the remainder when 2010475 is divided by 23?
22
What is the remainder when 92164170 is divided by 4608208?
10
Calculate the remainder when 16362538 is divided by 75.
13
Calculate the remainder when 9469776 is divided by 148.
144
Calculate the remainder when 8970306 is divided by 312.
306
Calculate the remainder when 1694 is divided by 1334.
360
What is the remainder when 26032766 is divided by 723131?
50
What is the remainder when 2515157 is divided by 3375?
782
Calculate the remainder when 1034090 is divided by 1034088.
2
Calculate the remainder when 248319 is divided by 80.
79
What is the remainder when 1819160 is divided by 20436?
356
Calculate the remainder when 255791 is divided by 2927.
1142
Calculate the remainder when 1040832 is divided by 23.
13
Calculate the remainder when 29414 is divided by 5756.
634
Calculate the remainder when 328846863 is divided by 426.
423
Calculate the remainder when 33461579 is divided by 127.
0
Calculate the remainder when 1361507 is divided by 453791.
134
What is the remainder when 192618 is divided by 27501?
111
What is the remainder when 9805 is divided by 3815?
2175
Calculate the remainder when 3599285 is divided by 62.
61
Calculate the remainder when 1312801879 is divided by 442.
441
What is the remainder when 1215028 is divided by 824?
452
Calculate the remainder when 74418 is divided by 3565.
3118
Calculate the remainder when 76192 is divided by 4698.
1024
What is the remainder when 75655 is divided by 35089?
5477
Calculate the remainder when 2618 is divided by 29.
8
What is the remainder when 127599414 is divided by 12?
6
Calculate the remainder when 4039975 is divided by 109.
108
Calculate the remainder when 293352 is divided by 338.
306
Calculate the remainder when 5303534 is divided by 10440.
14
What is the remainder when 3161835 is divided by 2419?
202
What is the remainder when 565643 is divided by 92?
27
Calculate the remainder when 168765 is divided by 127.
109
What is the remainder when 651038 is divided by 43310?
1388
What is the remainder when 532473 is divided by 268?
225
What is the remainder when 279838 is divided by 92621?
1975
What is the remainder when 73831 is divided by 3190?
461
What is the remainder when 1542537 is divided by 50?
37
What is the remainder when 60547425 is divided by 274?
1
What is the remainder when 203058 is divided by 1143?
747
What is the remainder when 2353034 is divided by 129?
74
Calculate the remainder when 3808231 is divided by 8.
7
Calculate the remainder when 871061619 is divided by 11.
10
What is the remainder when 2200329 is divided by 10234?
19
Calculate the remainder when 2772359 is divided by 2806.
31
Calculate the remainder when 1647084 is divided by 5719.
12
Calculate the remainder when 11664397 is divided by 220.
217
Calculate the remainder when 4149087 is divided by 13341.
36
Calculate the remainder when 308991 is divided by 1157.
72
What is the remainder when 81805 is divided by 2176?
1293
What is the remainder when 281877909 is divided by 70469476?
5
Calculate the remainder when 9499706 is divided by 118.
116
Calculate the remainder when 151150 is divided by 48895.
4465
Calculate the remainder when 390239 is divided by 142.
23
Calculate the remainder when 670543325 is divided by 7.
4
Calculate the remainder when 19478783 is divided by 671681.
34
Calculate the remainder when 1626755 is divided by 4434.
3911
What is the remainder when 3027550 is divided by 564?
562
What is the remainder when 240258 is divided by 119?
116
Calculate the remainder when 148588 is divided by 49511.
55
Calculate the remainder when 99300 is divided by 1948.
1900
What is the remainder when 176279 is divided by 88023?
233
What is the remainder when 33514474 is divided by 59?
55
Calculate the remainder when 136891764 is divided by 137.
131
What is the remainder when 71281300 is divided by 237?
232
Calculate the remainder when 842132959 is divided by 118.
117
Calculate the remainder when 148715 is divided by 2099.
1785
What is the remainder when 10857444 is divided by 1764?
24
What is the remainder when 656740 is divided by 109439?
106
Calculate the remainder when 116069 is divided by 9198.
5693
What is the remainder when 2661190 is divided by 3606?
3568
Calculate the remainder when 14308502 is divided by 2021.
1843
Calculate the remainder when 87757 is divided by 650.
7
Calculate the remainder when 620261 is divided by 3714.
23
Calculate the remainder when 1360434 is divided by 12256.
18
What is the remainder when 10101051 is divided by 46?
3
What is the remainder when 18370948 is divided by 1020607?
22
What is the remainder when 43111675 is divided by 44?
35
What is the remainder when 2379410 is divided by 1381?
1328
What is the remainder when 15010915 is divided by 7694?
7615
What is the remainder when 140818 is divided by 243?
121
Calculate the remainder when 90891353 is divided by 1021251.
14
Calculate the remainder when 645967 is divided by 5568.
79
Calculate the remainder when 418260 is divided by 3346.
10
What is the remainder when 932120 is divided by 186389?
175
Calculate the remainder when 13522180 is divided by 13.
9
Calculate the remainder when 2976214 is divided by 1169.
1109
What is the remainder when 1059351 is divided by 926?
7
Calculate the remainder when 199172 is divided by 66340.
152
Calculate the remainder when 220339 is divided by 2103.
1627
What is the remainder when 16886205 is divided by 45638?
145
What is the remainder when 6829581 is divided by 33?
0
Calculate the remainder when 15126478 is divided by 194.
104
What is the remainder when 6192332 is divided by 45?
17
Calculate the remainder when 4868974 is divided by 4868831.
143
What is the remainder when 6618011 is divided by 2205932?
215
What is the remainder when 104883 is divided by 51273?
2337
Calculate the remainder when 6407164 is divided by 59880.
4
Calculate the remainder when 2369940 is divided by 35908.
12
Calculate the remainder when 3873890 is divided by 3541.
36
Calculate the remainder when 6877221 is divided by 2.
1
Calculate the remainder when 5454516 is divided by 13774.
12
What is the remainder when 1517591 is divided by 532?
327
Calculate the remainder when 1194196 is divided by 2059.
2035
What is the remainder when 205704141 is divided by 7?
6
What is the remainder when 107190 is divided by 11897?
117
What is the remainder when 7116435 is divided by 2372118?
81
Calculate the remainder when 4694065 is divided by 1042.
897
Calculate the remainder when 2147028 is divided by 109.
55
Calculate the remainder when 35464128 is divided by 567.
546
Calculate the remainder when 302787690 is divided by 2977.
2974
Calculate the remainder when 368527 is divided by 496.
495
What is the remainder when 31832 is divided by 2885?
97
What is the remainder when 12248442 is divided by 95?
92
Calculate the remainder when 11845 is divided by 3420.
1585
What is the remainder when 838490 is divided by 279294?
608
What is the remainder when 4776783 is divided by 1045?
88
Calculate the remainder when 378775 is divided by 378756.
19
What is the remainder when 61705252 is divided by 540?
532
Calculate the remainder when 11607 is divided by 3630.
717
What is the remainder when 3991892 is divided by 94?
88
Calculate the remainder when 4883197 is divided by 160.
157
Calculate the remainder when 4530711 is divided by 102970.
31
Calculate the remainder when 957117 is divided by 191374.
247
What is